{"id":63,"date":"2014-04-04T11:34:25","date_gmt":"2014-04-04T11:34:25","guid":{"rendered":"http:\/\/www.xn--marlunavillacaas-kub.com\/?page_id=63"},"modified":"2025-09-12T09:15:50","modified_gmt":"2025-09-12T09:15:50","slug":"quien-soy","status":"publish","type":"page","link":"https:\/\/www.marlunavillaca\u00f1as.com\/index.php\/quien-soy\/","title":{"rendered":"QUI\u00c9N SOY"},"content":{"rendered":"<p>[et_pb_section fb_built=\u00bb1&#8243; custom_padding_last_edited=\u00bbon|desktop\u00bb admin_label=\u00bbsection\u00bb _builder_version=\u00bb4.16&#8243; background_color=\u00bb#ffffff\u00bb custom_padding=\u00bb10px|||\u00bb custom_padding_tablet=\u00bb50px|0|50px|0&#8243; custom_padding_phone=\u00bb\u00bb transparent_background=\u00bboff\u00bb padding_mobile=\u00bboff\u00bb make_fullwidth=\u00bboff\u00bb use_custom_width=\u00bboff\u00bb width_unit=\u00bbon\u00bb global_colors_info=\u00bb{}\u00bb][et_pb_row admin_label=\u00bbrow\u00bb _builder_version=\u00bb4.16&#8243; background_size=\u00bbinitial\u00bb background_position=\u00bbtop_left\u00bb background_repeat=\u00bbrepeat\u00bb global_colors_info=\u00bb{}\u00bb][et_pb_column type=\u00bb4_4&#8243; _builder_version=\u00bb4.16&#8243; custom_padding=\u00bb|||\u00bb global_colors_info=\u00bb{}\u00bb custom_padding__hover=\u00bb|||\u00bb][et_pb_image src=\u00bbhttp:\/\/www.xn--marlunavillacaas-kub.com\/wp-content\/uploads\/mar-luna-asesora-aceites-de-oliva-aove.jpg\u00bb _builder_version=\u00bb4.16&#8243; global_colors_info=\u00bb{}\u00bb][\/et_pb_image][et_pb_text _builder_version=\u00bb4.16&#8243; background_size=\u00bbinitial\u00bb background_position=\u00bbtop_left\u00bb background_repeat=\u00bbrepeat\u00bb use_border_color=\u00bboff\u00bb border_color=\u00bb#ffffff\u00bb border_style=\u00bbsolid\u00bb global_colors_info=\u00bb{}\u00bb]<\/p>\n<h2>Mar Luna Villaca\u00f1as&#8230;.pero&#8230;\u00bfqui\u00e9n es?<\/h2>\n<p>No s\u00e9 muy bien c\u00f3mo definirme para no caer en el egocentrismo del curr\u00edculum habitual. Lo \u00fanico que os puedo garantizar es que cada d\u00eda aprendo y amo m\u00e1s el olivo y su resultado m\u00e1s sublime&#8230;los verdaderos v\u00edrgenes extra. Que me proporciona placer, conocimiento, que aprendo de los\/las maestros\/as que aman y sufren por defender el AOVE (Aceite de Oliva Virgen Extra) frente a tanto enga\u00f1o.<\/p>\n<p>No soy autoridad en nada&#8230;pero no le debo nada a nadie&#8230;bueno&#8230;s\u00ed&#8230;a vosotros que me le\u00e9is y merec\u00e9is un respeto que muchas veces se os niega.<\/p>\n<p>Para cualquier consulta, sugerencia, solicitud de asesoramiento o contrataci\u00f3n de servicios, os ruego mand\u00e9is un correo a:<\/p>\n<p>escuela@escuelaeuropeadecata.com<\/p>\n<p>[\/et_pb_text][\/et_pb_column][\/et_pb_row][\/et_pb_section][et_pb_section fb_built=\u00bb1&#8243; fullwidth=\u00bbon\u00bb custom_padding_last_edited=\u00bbon|desktop\u00bb admin_label=\u00bbsection\u00bb _builder_version=\u00bb3.22&#8243; background_color=\u00bb#ffffff\u00bb custom_padding_tablet=\u00bb50px|0|50px|0&#8243; custom_padding_phone=\u00bb\u00bb transparent_background=\u00bboff\u00bb padding_mobile=\u00bboff\u00bb make_fullwidth=\u00bboff\u00bb use_custom_width=\u00bboff\u00bb width_unit=\u00bbon\u00bb global_module=\u00bb768&#8243; global_colors_info=\u00bb{}\u00bb][et_pb_fullwidth_slider _builder_version=\u00bb4.16&#8243; parallax=\u00bbon\u00bb custom_padding=\u00bb|||\u00bb custom_padding_tablet=\u00bb|||\u00bb custom_padding_phone=\u00bb|||\u00bb auto=\u00bbon\u00bb auto_speed=\u00bb3000&#8243; box_shadow_style=\u00bbpreset6&#8243; box_shadow_blur=\u00bb10px\u00bb box_shadow_color=\u00bbrgba(0,0,0,0.1)\u00bb show_inner_shadow=\u00bbon\u00bb global_colors_info=\u00bb{}\u00bb button_text_size__hover_enabled=\u00bboff\u00bb button_one_text_size__hover_enabled=\u00bboff\u00bb button_two_text_size__hover_enabled=\u00bboff\u00bb button_text_color__hover_enabled=\u00bboff\u00bb button_one_text_color__hover_enabled=\u00bboff\u00bb button_two_text_color__hover_enabled=\u00bboff\u00bb button_border_width__hover_enabled=\u00bboff\u00bb button_one_border_width__hover_enabled=\u00bboff\u00bb button_two_border_width__hover_enabled=\u00bboff\u00bb button_border_color__hover_enabled=\u00bboff\u00bb button_one_border_color__hover_enabled=\u00bboff\u00bb button_two_border_color__hover_enabled=\u00bboff\u00bb button_border_radius__hover_enabled=\u00bboff\u00bb button_one_border_radius__hover_enabled=\u00bboff\u00bb button_two_border_radius__hover_enabled=\u00bboff\u00bb button_letter_spacing__hover_enabled=\u00bboff\u00bb button_one_letter_spacing__hover_enabled=\u00bboff\u00bb button_two_letter_spacing__hover_enabled=\u00bboff\u00bb button_bg_color__hover_enabled=\u00bboff\u00bb button_one_bg_color__hover_enabled=\u00bboff\u00bb button_two_bg_color__hover_enabled=\u00bboff\u00bb][et_pb_slide heading=\u00bbLa cultura del olivo y del aceite de oliva virgen extra en tus manos\u00bb button_text=\u00bbConoce m\u00e1s\u00bb button_link=\u00bbhttp:\/\/www.marlunavillaca\u00f1as.com\u00bb alignment=\u00bbbottom\u00bb image_alt=\u00bbAlt text for the image\u00bb _builder_version=\u00bb4.16&#8243; background_color=\u00bb#6aceb6&#8243; background_image=\u00bbhttp:\/\/www.xn--marlunavillacaas-kub.com\/wp-content\/uploads\/elmundodelvirgenextraentusmanos.png\u00bb global_colors_info=\u00bb{}\u00bb button_text_size__hover_enabled=\u00bboff\u00bb button_one_text_size__hover_enabled=\u00bboff\u00bb button_two_text_size__hover_enabled=\u00bboff\u00bb button_text_color__hover_enabled=\u00bboff\u00bb button_one_text_color__hover_enabled=\u00bboff\u00bb button_two_text_color__hover_enabled=\u00bboff\u00bb button_border_width__hover_enabled=\u00bboff\u00bb button_one_border_width__hover_enabled=\u00bboff\u00bb button_two_border_width__hover_enabled=\u00bboff\u00bb button_border_color__hover_enabled=\u00bboff\u00bb button_one_border_color__hover_enabled=\u00bboff\u00bb button_two_border_color__hover_enabled=\u00bboff\u00bb button_border_radius__hover_enabled=\u00bboff\u00bb button_one_border_radius__hover_enabled=\u00bboff\u00bb button_two_border_radius__hover_enabled=\u00bboff\u00bb button_letter_spacing__hover_enabled=\u00bboff\u00bb button_one_letter_spacing__hover_enabled=\u00bboff\u00bb button_two_letter_spacing__hover_enabled=\u00bboff\u00bb button_bg_color__hover_enabled=\u00bboff\u00bb button_one_bg_color__hover_enabled=\u00bboff\u00bb button_two_bg_color__hover_enabled=\u00bboff\u00bb sticky_transition=\u00bbon\u00bb]<\/p>\n<p>Quiero poner al d\u00eda los conocimientos de este producto milenario pero que a veces necesita una revisi\u00f3n. Lo mejor para saber qu\u00e9 estamos consumiendo es saberlo todo&#8230;y que cada uno decida.<\/p>\n<p>[\/et_pb_slide][et_pb_slide heading=\u00bbEscuela Europea de Cata\u00bb button_text=\u00bbNo esperes m\u00e1s\u00bb button_link=\u00bbhttp:\/\/www.escuelaeuropeadecata.com\u00bb image_alt=\u00bbGu\u00eda b\u00e1sica del aceite de oliva virgen extra para el an\u00e1lisis sensorial. El color\u00bb _builder_version=\u00bb4.16&#8243; background_color=\u00bb#6aceb6&#8243; background_image=\u00bbhttp:\/\/www.xn--marlunavillacaas-kub.com\/wp-content\/uploads\/copadecatadeaceite.png\u00bb global_colors_info=\u00bb{}\u00bb button_text_size__hover_enabled=\u00bboff\u00bb button_one_text_size__hover_enabled=\u00bboff\u00bb button_two_text_size__hover_enabled=\u00bboff\u00bb button_text_color__hover_enabled=\u00bboff\u00bb button_one_text_color__hover_enabled=\u00bboff\u00bb button_two_text_color__hover_enabled=\u00bboff\u00bb button_border_width__hover_enabled=\u00bboff\u00bb button_one_border_width__hover_enabled=\u00bboff\u00bb button_two_border_width__hover_enabled=\u00bboff\u00bb button_border_color__hover_enabled=\u00bboff\u00bb button_one_border_color__hover_enabled=\u00bboff\u00bb button_two_border_color__hover_enabled=\u00bboff\u00bb button_border_radius__hover_enabled=\u00bboff\u00bb button_one_border_radius__hover_enabled=\u00bboff\u00bb button_two_border_radius__hover_enabled=\u00bboff\u00bb button_letter_spacing__hover_enabled=\u00bboff\u00bb button_one_letter_spacing__hover_enabled=\u00bboff\u00bb button_two_letter_spacing__hover_enabled=\u00bboff\u00bb button_bg_color__hover_enabled=\u00bboff\u00bb button_one_bg_color__hover_enabled=\u00bboff\u00bb button_two_bg_color__hover_enabled=\u00bboff\u00bb sticky_transition=\u00bbon\u00bb]<\/p>\n<p>La primera Escuela privada de Espa\u00f1a dedicada en exclusiva a la ense\u00f1anza de la cultura del olivar, del aceite de oliva virgen extra y elaiotecnia. Gastronom\u00eda aplicada a los perfiles de los aceites de oliva virgen extra. Maridajes y an\u00e1lisis sensorial. Educar tus sentidos para poder disfrutar y utilizar este magn\u00edfico producto.<\/p>\n<p>[\/et_pb_slide][et_pb_slide heading=\u00bbMaridajes gastron\u00f3micos con el aceite de oliva virgen extra\u00bb button_link=\u00bbhttp:\/\/www.marlunavillaca\u00f1as.com\/category\/maridaje-gastronomico-con-el-aceite-de-oliva-virgen-extra\/\u00bb image_alt=\u00bbGastronom\u00eda y AOVE\u00bb _builder_version=\u00bb4.16&#8243; background_color=\u00bb#ffffff\u00bb background_image=\u00bbhttp:\/\/www.xn--marlunavillacaas-kub.com\/wp-content\/uploads\/fritura-correcta-con-el-aceite-de-oliva-virgen-extra.jpg\u00bb global_colors_info=\u00bb{}\u00bb button_text_size__hover_enabled=\u00bboff\u00bb button_one_text_size__hover_enabled=\u00bboff\u00bb button_two_text_size__hover_enabled=\u00bboff\u00bb button_text_color__hover_enabled=\u00bboff\u00bb button_one_text_color__hover_enabled=\u00bboff\u00bb button_two_text_color__hover_enabled=\u00bboff\u00bb button_border_width__hover_enabled=\u00bboff\u00bb button_one_border_width__hover_enabled=\u00bboff\u00bb button_two_border_width__hover_enabled=\u00bboff\u00bb button_border_color__hover_enabled=\u00bboff\u00bb button_one_border_color__hover_enabled=\u00bboff\u00bb button_two_border_color__hover_enabled=\u00bboff\u00bb button_border_radius__hover_enabled=\u00bboff\u00bb button_one_border_radius__hover_enabled=\u00bboff\u00bb button_two_border_radius__hover_enabled=\u00bboff\u00bb button_letter_spacing__hover_enabled=\u00bboff\u00bb button_one_letter_spacing__hover_enabled=\u00bboff\u00bb button_two_letter_spacing__hover_enabled=\u00bboff\u00bb button_bg_color__hover_enabled=\u00bboff\u00bb button_one_bg_color__hover_enabled=\u00bboff\u00bb button_two_bg_color__hover_enabled=\u00bboff\u00bb sticky_transition=\u00bbon\u00bb]<\/p>\n<p>Si s\u00f3lo hubiera dos usos para el AOVE\u2026.\u00a1Qu\u00e9 tristeza! No soporto que me pregunten por un aceite para ensaladas y otro para cocinar! Siempre respondo\u2026\u00bfS\u00f3lo comes esas dos cosas? Pero s\u00ed el mundo AOVE lo envuelve todo!!!!!<\/p>\n<p>[\/et_pb_slide][\/et_pb_fullwidth_slider][\/et_pb_section]<\/p>\n","protected":false},"excerpt":{"rendered":"<p>Mar Luna Villaca\u00f1as&#8230;.pero&#8230;\u00bfqui\u00e9n es? No s\u00e9 muy bien c\u00f3mo definirme para no caer en el egocentrismo del curr\u00edculum habitual. Lo \u00fanico que os puedo garantizar es que cada d\u00eda aprendo y amo m\u00e1s el olivo y su resultado m\u00e1s sublime&#8230;los verdaderos v\u00edrgenes extra. Que me proporciona placer, conocimiento, que aprendo de los\/las maestros\/as que aman [&hellip;]<\/p>\n","protected":false},"author":1,"featured_media":0,"parent":0,"menu_order":0,"comment_status":"open","ping_status":"closed","template":"","meta":{"_et_pb_use_builder":"on","_et_pb_old_content":"","_et_gb_content_width":"","footnotes":""},"class_list":["post-63","page","type-page","status-publish","hentry"],"_links":{"self":[{"href":"https:\/\/www.marlunavillaca\u00f1as.com\/index.php\/wp-json\/wp\/v2\/pages\/63","targetHints":{"allow":["GET"]}}],"collection":[{"href":"https:\/\/www.marlunavillaca\u00f1as.com\/index.php\/wp-json\/wp\/v2\/pages"}],"about":[{"href":"https:\/\/www.marlunavillaca\u00f1as.com\/index.php\/wp-json\/wp\/v2\/types\/page"}],"author":[{"embeddable":true,"href":"https:\/\/www.marlunavillaca\u00f1as.com\/index.php\/wp-json\/wp\/v2\/users\/1"}],"replies":[{"embeddable":true,"href":"https:\/\/www.marlunavillaca\u00f1as.com\/index.php\/wp-json\/wp\/v2\/comments?post=63"}],"version-history":[{"count":46,"href":"https:\/\/www.marlunavillaca\u00f1as.com\/index.php\/wp-json\/wp\/v2\/pages\/63\/revisions"}],"predecessor-version":[{"id":1438,"href":"https:\/\/www.marlunavillaca\u00f1as.com\/index.php\/wp-json\/wp\/v2\/pages\/63\/revisions\/1438"}],"wp:attachment":[{"href":"https:\/\/www.marlunavillaca\u00f1as.com\/index.php\/wp-json\/wp\/v2\/media?parent=63"}],"curies":[{"name":"wp","href":"https:\/\/api.w.org\/{rel}","templated":true}]}}